t v(j) = -j**2. Let x be v(1). What is the tens digit of -26*(x - -2 - 3)?
5
Let j(f) = 9*f - 16. Let m(g) = g. Let q(u) = j(u) - 6*m(u). Let i be q(8). What is the tens digit of -2*(3 + (-204)/i)?
4
Suppose 0 = 2*x - 4*c - 2878, -4*c = -3*x + 6947 - 2632. What is the units digit of x?
7
Let x(n) = -n**2 + 4*n + 5. Suppose 0*a - 18 = -3*a. Let c be x(a). Let r = c + 15. What is the units digit of r?
8
Let t = 41 - 38. Suppose x = 75 + t. What is the tens digit of x?
7
Let m(r) = 10*r**2 + 5*r - 28. What is the units digit of m(3)?
7
Let z(d) = -d**2 - 4*d + d**2 - 12 + 11*d + d**2. Let o be z(-9). Suppose -o*h + 57 = -3*h. What is the units digit of h?
9
Suppose -33 = -5*k + 97. Suppose -10 - k = -2*z. What is the tens digit of z?
1
Suppose -4*l - 40 = -2*l. Let k = l - -19. Let x = k - -42. What is the units digit of x?
1
Let h(u) = -116*u**3 - u**2 - u. Let f be h(-1). Suppose -2*z = 5*a - f - 1, 3*z - a - 218 = 0. What is the units digit of z?
1
Suppose -4*v + 3 + 25 = 0. Suppose -y + 464 = v*y. What is the units digit of y?
8
Suppose -5*t = -4*t + 18. What is the units digit of 6/t*(-2 - 319)?
7
Let j = -2225 - -3178. What is the tens digit of j?
5
Suppose -313 = -z - 17*f + 14*f, -z + f + 325 = 0. What is the units digit of z?
2
Let p = 280 - -310. What is the hundreds digit of p?
5
Let f(u) = -u**3 - 5*u**2 + 12*u - 160. What is the hundreds digit of f(-16)?
4
Let w be (1/(-2))/(1/202). Let i(t) = -t**2 + t - 72. Let u be i(0). Let b = u - w. What is the units digit of b?
9
Let z(a) = 300*a. What is the tens digit of z(1)?
0
Let r(i) = i**3 + 13*i**2 + 26*i. Let m be r(-11). Suppose h + 277 = 4*l - 4*h, 0 = -2*l - 4*h + 106. Let o = m + l. What is the tens digit of o?
1
Let t = -70 + 85. Suppose -2525 = -t*q - 830. What is the hundreds digit of q?
1
Suppose -4*x = -5*x + y + 1183, 2*x + 2*y = 2382. What is the units digit of x?
7
Suppose 4*f - 9*f + 4570 = 5*t, 5*t = -2*f + 1825. What is the hundreds digit of f?
9
Let t(a) = 43*a - 15. Let c(n) = -128*n + 44. Let r(k) = -6*c(k) - 17*t(k). What is the units digit of r(5)?
6
Let b = -7 + 13. Let u be (1 + 2 + -4)*b. What is the units digit of 1/3 + (-76)/u?
3
Let o = -17 - -17. Suppose o = -5*c - 0*c - 5. What is the tens digit of c*4/(-8)*56?
2
Let c = 1303 + -845. What is the hundreds digit of c?
4
Suppose 11*s = 7*s + 20. Suppose 5*n = -w + 44, 54 = -2*w + 3*w - s*n. What is the tens digit of w?
4
Let a be (-45)/(-30)*(-484)/(-6). Suppose -2*l + 3*f + 240 = 0, -3*l - a = -4*l + f. What is the hundreds digit of l?
1
Let s(t) = -9*t + 6 + 2*t + 2*t + t**2. Let o be s(4). Suppose -v - 4*w = 2*v - 2, 2*w = -o. What is the units digit of v?
2
Suppose 6*p + 3454 = 8*p + 2*s, -p = 2*s - 1729. What is the tens digit of p?
2
Suppose 7*h = 10*h. Suppose h = 5*l + 7 + 18. Let i = 13 - l. What is the tens digit of i?
1
Suppose -19 = -4*m + 9. Let y(r) = 2652*r**2 - 2659*r**2 - 8 + 0*r + r**3 + 5*r. What is the tens digit of y(m)?
2
What is the units digit of ((-64911)/84 - 25)*8/(-2)?
1
Suppose w - 8 = 5*w + 2*r, 0 = 2*w + 3*r. Let n(q) = -4*q**3 - 3*q**2 - 3*q + 3. What is the tens digit of n(w)?
9
Let i = 270 - 183. Suppose 5*q = 3*v + 213, -2*q + 3*v = -0*q - i. Let f = -14 + q. What is the tens digit of f?
2
Suppose -344 - 236 = -4*p. Let u = p - -61. What is the tens digit of u?
0
Suppose 0 = -29*l - 20*l + 10486. What is the hundreds digit of l?
2
Let p(a) = 172*a**2 - a + 7. What is the thousands digit of p(4)?
2
Let i(z) = 14*z**2 + 52*z + 17. What is the tens digit of i(-7)?
3
Suppose -6*q + 270 + 360 = 0. What is the hundreds digit of q?
1
Suppose 5*g + 11 = 2*s, 2*s + g + 24 = -g. Let u(w) = 2*w**2 + 7*w - 9. Let z be u(s). What is the tens digit of ((-504)/z)/((-3)/10)?
4
Suppose -59 = 5*m - 3*s, -57 = 5*m - 2*s - 1. Let t be (-4)/m - 4/10. What is the tens digit of 37 + t - 20/(-5)?
4
Suppose 0 = -21*u + 10082 - 653. What is the units digit of u?
9
Let h = 3208 - 2222. What is the tens digit of h?
8
Suppose -x - 3 = -2*x. Suppose x*z - 7*z = -60. What is the units digit of z?
5
Let m(q) = q**2 - 4*q + 4. Let b be m(0). Suppose 34 = 3*h - 56. Suppose -b*v + h = -5*c + 178, -4*v + 104 = 4*c. What is the tens digit of c?
2
Suppose 0 = -78*f + 43*f + 121835. What is the hundreds digit of f?
4
Let x(y) be the first derivative of -y**3/3 + 4*y**2 - 2. Let z be x(7). What is the units digit of (z/3)/((-6)/(-18))?
7
Suppose 4 + 4 = -3*b - 5*i, -6 = 5*b + i. What is the tens digit of 2 - 1 - 37/b?
3
Suppose -724 - 156 = -22*z. Let r = -108 + 197. Let i = r - z. What is the tens digit of i?
4
Let d(n) = -11*n**2 - 6*n - 7. Let w be d(-4). Let j = w - -290. What is the units digit of j?
1
Let z be (-4)/5*(-25)/10. Suppose 3*i = -3*n - z*i + 861, -5*i + 1153 = 4*n. What is the units digit of n?
2
Let j(d) = 3*d - 17. Let u be j(7). Let p be 40 - ((-16)/(-2))/u. Suppose -o = -0*t - 3*t + p, 16 = 2*t - 3*o. What is the units digit of t?
4
Suppose 11*p = -13*p + 7032. What is the hundreds digit of p?
2
Suppose 922 = 32*l - 1030. What is the tens digit of l?
6
Suppose 4*b = 4, 3*y - 2*b + 3 + 2 = 0. What is the units digit of 3 + y - 1*192/(-2)?
8
Suppose -16 = h - o - 1175, -h + 1153 = 2*o. What is the hundreds digit of h?
1
Let h = 156 + 339. What is the tens digit of h?
9
Let u = -105 + 306. What is the hundreds digit of u?
2
Let t(f) be the first derivative of -2*f**2 - 7*f - 11. What is the units digit of t(-15)?
3
What is the units digit of (84/(-42))/(1/(-111))?
2
Let k = -26 - -29. Suppose -8*s - 730 = -k*s. Let u = -80 - s. What is the tens digit of u?
6
Suppose 2*k + k - 24 = 3*y, -4*y = -5*k + 35. Suppose 2*p - k*p + 20 = 0. What is the tens digit of p/15*(3 - -6)?
1
Suppose -7*h + 4*h - 4*c + 2920 = 0, c = 4. What is the hundreds digit of h?
9
What is the hundreds digit of (35/10 - 5)*752/(-4)?
2
Suppose m - 267 - 18 = 0. What is the hundreds digit of m?
2
Suppose -j + 6*j + 4*r - 1879 = 0, 4*j - 1528 = 3*r. Suppose 5*a - 301 = j. What is the hundreds digit of a?
1
Let h(i) be the second derivative of i**3/2 + 3*i**2 + 6*i. Let k be h(4). Suppose -3*y + 3*b + k = -147, 5*y - b - 255 = 0. What is the tens digit of y?
5
Let g be 5/(-5)*63/(-1). Let w = g - 21. What is the units digit of w?
2
What is the tens digit of 42/168 + (-1579)/(-4)?
9
Let i(v) = -v**3 - 38*v**2 + 36*v - 52. What is the units digit of i(-40)?
8
Let q(i) = i**3 + 15*i**2 - 4*i + 15. Let a be q(-15). Suppose -h + a = 2*o, 0 = -3*h + 2*o + 8 + 257. What is the units digit of h?
5
Suppose 4*s = -94*s + 334180. What is the tens digit of s?
1
Suppose 2*c + 1 - 2 = b, 3 = b. Suppose -c*z - 2*z + 392 = 0. What is the units digit of z?
8
Let i = 22 + -17. Suppose 3*m - i*b - 13 = 0, -2*b - 47 = -3*m - 2*m. Suppose -z + m = 4. What is the units digit of z?
7
Suppose 0 = 6*t - 3*t - w - 1, -2 = 2*t - 2*w. What is the units digit of t + (3 - 0)*62/2?
4
Let t = 1037 + -145. What is the hundreds digit of t?
8
Let u(p) = 23*p**2 - 15*p - 177. What is the thousands digit of u(-8)?
1
Let n(w) = -2*w - 4 + 4 + 2. Suppose -4*g - 10 = m, -6*m = -m - 3*g + 50. What is the tens digit of n(m)?
2
Suppose -52*h + 170*h - 361788 = 0. What is the units digit of h?
6
Suppose -k - 795 = 11*j - 12*j, 3*j - 2*k - 2381 = 0. What is the units digit of j?
1
Suppose 2*i - j - 13 = 0, -3*j - 3 = -0*j. What is the tens digit of (632/i)/(1/(12/8))?
5
Suppose 0 = -k - 0*k + 3. Suppose 0 = -4*r - 7 - 5, 4*s = -k*r + 27. Let x(c) = -c**2 + 13*c - 4. What is the tens digit of x(s)?
3
Suppose 0 = 2*a - 2*u + 56, -a + 4*a + u + 68 = 0. Let v = 87 + a. What is the tens digit of v?
6
Let f(g) = g**3 + 7*g**2 + 5*g - 4. Let c be f(-6). Suppose -c*w = -3*z + 2*w - 3, 0 = 5*z - 4*w - 3. What is the units digit of z?
3
Let w = -15 - -12. Let h = 5 - w. What is the units digit of h?
8
Let b = 1062 - 729. Suppose -k + 2*k = b. What is the units digit of k?
3
Let h(n) = -58*n + 3. Suppose -l - 5*l = 18. What is the units digit of h(l)?
7
Let k(j) = -20*j + 22. Let l be k(-7). Suppose 2*z = -4*r + 5*z + 324, z + l = 2*r. What is the tens digit of r?
8
What is the hundreds digit of (((-1)/3)/1)/(6/(-3222))?
1
Suppose 4*p = 4*m - 4016, -4*m + 2*m - 5*p = -1987. What is the units digit of m?
1
Let d(y) = 5*y - 12 + 0*y**3 - 1 + 11*y - y**3 + 11*y**2. Let t be d(12). Sup